{"id":480,"date":"2017-09-28T22:25:59","date_gmt":"2017-09-28T20:25:59","guid":{"rendered":"http:\/\/fotogruppe-bredenbeck.de\/?page_id=480"},"modified":"2017-10-01T11:14:41","modified_gmt":"2017-10-01T09:14:41","slug":"marc-mihatsch","status":"publish","type":"page","link":"https:\/\/fotogruppe-bredenbeck.de\/?page_id=480","title":{"rendered":"Marc Mihatsch"},"content":{"rendered":" \n<!-- Start container 1 --><div id=\"wppa-modal-container-1\" class=\"wppa-modal-container\" style=\"position:relative;z-index:100000;\" data-wppa=\"yes\" ontouchmove=\"event.stopPropagation();\"><\/div><div id=\"wppa-container-wrapper-1\" class=\"alignnone wppa-container-wrapper \" style=\"width:100%;clear:both;padding:0;position:relative;\"><div id=\"wppa-container-1\" style=\"width:100%;\" class=\"wppa-container wppa-container-1 wppa-rev-9111001 wppa-prevrev-9110011 wppa-theme-9.1.11.001 wppa-api-9.1.11.001\"><svg id=\"wppa-ajax-spin-1\" class=\"wppa-ajax-spin uil-default\" width=\"120px\" height=\"120px\" viewBox=\"0 0 100 100\" preserveAspectRatio=\"xMidYMid\" stroke=\"\" style=\"width:120px; height:120px; position:fixed; top:50%; margin-top:-60px; left:50%; margin-left:-60px; opacity:1; display:none; fill:#666666; background-color:transparent; border-radius:24px;\"><rect x=\"0\" y=\"0\" width=\"100\" height=\"100\" fill=\"none\" class=\"bk\"><\/rect><rect class=\"wppa-ajaxspin\" x=\"47\" y=\"40\" width=\"6\" height=\"20\" rx=\"3\" ry=\"3\" transform=\"rotate(0 50 50) translate(0 -32)\"><animate attributeName=\"opacity\" from=\"1\" to=\"0\" dur=\"1.5s\" begin=\"0s\" repeatCount=\"indefinite\" ><\/rect><rect class=\"wppa-ajaxspin\" x=\"47\" y=\"40\" width=\"6\" height=\"20\" rx=\"3\" ry=\"3\" transform=\"rotate(22.5 50 50) translate(0 -32)\"><animate attributeName=\"opacity\" from=\"1\" to=\"0\" dur=\"1.5s\" begin=\"0.09375s\" repeatCount=\"indefinite\" ><\/rect><rect class=\"wppa-ajaxspin\" x=\"47\" y=\"40\" width=\"6\" height=\"20\" rx=\"3\" ry=\"3\" transform=\"rotate(45 50 50) translate(0 -32)\"><animate attributeName=\"opacity\" from=\"1\" to=\"0\" dur=\"1.5s\" begin=\"0.1875s\" repeatCount=\"indefinite\" ><\/rect><rect class=\"wppa-ajaxspin\" x=\"47\" y=\"40\" width=\"6\" height=\"20\" rx=\"3\" ry=\"3\" transform=\"rotate(67.5 50 50) translate(0 -32)\"><animate attributeName=\"opacity\" from=\"1\" to=\"0\" dur=\"1.5s\" begin=\"0.28125s\" repeatCount=\"indefinite\" ><\/rect><rect class=\"wppa-ajaxspin\" x=\"47\" y=\"40\" width=\"6\" height=\"20\" rx=\"3\" ry=\"3\" transform=\"rotate(90 50 50) translate(0 -32)\"><animate attributeName=\"opacity\" from=\"1\" to=\"0\" dur=\"1.5s\" begin=\"0.375s\" repeatCount=\"indefinite\" ><\/rect><rect class=\"wppa-ajaxspin\" x=\"47\" y=\"40\" width=\"6\" height=\"20\" rx=\"3\" ry=\"3\" transform=\"rotate(112.5 50 50) translate(0 -32)\"><animate attributeName=\"opacity\" from=\"1\" to=\"0\" dur=\"1.5s\" begin=\"0.46875s\" repeatCount=\"indefinite\" ><\/rect><rect class=\"wppa-ajaxspin\" x=\"47\" y=\"40\" width=\"6\" height=\"20\" rx=\"3\" ry=\"3\" transform=\"rotate(135 50 50) translate(0 -32)\"><animate attributeName=\"opacity\" from=\"1\" to=\"0\" dur=\"1.5s\" begin=\"0.5625s\" repeatCount=\"indefinite\" ><\/rect><rect class=\"wppa-ajaxspin\" x=\"47\" y=\"40\" width=\"6\" height=\"20\" rx=\"3\" ry=\"3\" transform=\"rotate(157.5 50 50) translate(0 -32)\"><animate attributeName=\"opacity\" from=\"1\" to=\"0\" dur=\"1.5s\" begin=\"0.65625s\" repeatCount=\"indefinite\" ><\/rect><rect class=\"wppa-ajaxspin\" x=\"47\" y=\"40\" width=\"6\" height=\"20\" rx=\"3\" ry=\"3\" transform=\"rotate(180 50 50) translate(0 -32)\"><animate attributeName=\"opacity\" from=\"1\" to=\"0\" dur=\"1.5s\" begin=\"0.75s\" repeatCount=\"indefinite\" ><\/rect><rect class=\"wppa-ajaxspin\" x=\"47\" y=\"40\" width=\"6\" height=\"20\" rx=\"3\" ry=\"3\" transform=\"rotate(202.5 50 50) translate(0 -32)\"><animate attributeName=\"opacity\" from=\"1\" to=\"0\" dur=\"1.5s\" begin=\"0.84375s\" repeatCount=\"indefinite\" ><\/rect><rect class=\"wppa-ajaxspin\" x=\"47\" y=\"40\" width=\"6\" height=\"20\" rx=\"3\" ry=\"3\" transform=\"rotate(225 50 50) translate(0 -32)\"><animate attributeName=\"opacity\" from=\"1\" to=\"0\" dur=\"1.5s\" begin=\"0.9375s\" repeatCount=\"indefinite\" ><\/rect><rect class=\"wppa-ajaxspin\" x=\"47\" y=\"40\" width=\"6\" height=\"20\" rx=\"3\" ry=\"3\" transform=\"rotate(247.5 50 50) translate(0 -32)\"><animate attributeName=\"opacity\" from=\"1\" to=\"0\" dur=\"1.5s\" begin=\"1.03125s\" repeatCount=\"indefinite\" ><\/rect><rect class=\"wppa-ajaxspin\" x=\"47\" y=\"40\" width=\"6\" height=\"20\" rx=\"3\" ry=\"3\" transform=\"rotate(270 50 50) translate(0 -32)\"><animate attributeName=\"opacity\" from=\"1\" to=\"0\" dur=\"1.5s\" begin=\"1.125s\" repeatCount=\"indefinite\" ><\/rect><rect class=\"wppa-ajaxspin\" x=\"47\" y=\"40\" width=\"6\" height=\"20\" rx=\"3\" ry=\"3\" transform=\"rotate(292.5 50 50) translate(0 -32)\"><animate attributeName=\"opacity\" from=\"1\" to=\"0\" dur=\"1.5s\" begin=\"1.21875s\" repeatCount=\"indefinite\" ><\/rect><rect class=\"wppa-ajaxspin\" x=\"47\" y=\"40\" width=\"6\" height=\"20\" rx=\"3\" ry=\"3\" transform=\"rotate(315 50 50) translate(0 -32)\"><animate attributeName=\"opacity\" from=\"1\" to=\"0\" dur=\"1.5s\" begin=\"1.3125s\" repeatCount=\"indefinite\" ><\/rect><rect class=\"wppa-ajaxspin\" x=\"47\" y=\"40\" width=\"6\" height=\"20\" rx=\"3\" ry=\"3\" transform=\"rotate(337.5 50 50) translate(0 -32)\"><animate attributeName=\"opacity\" from=\"1\" to=\"0\" dur=\"1.5s\" begin=\"1.40625s\" repeatCount=\"indefinite\" ><\/rect><\/svg><input type=\"hidden\" id=\"wppa-nonce-0-1\" name=\"wppa-nonce\" value=\"05da6b8dbe\" ><div id=\"wppa-bc-1\" class=\"wppa-nav wppa-box wppa-nav-text wppa-bc\" ><a onclick=\"wppaDoAjaxRender(event,1, 'https:\/\/fotogruppe-bredenbeck.de\/wp-admin\/admin-ajax.php?action=wppa&wppa-action=render&wppa-size=640&wppa-occur=1&wppa-fromp=480&lang=de&wppa-album=b06a53e093ca0e17&wppa-cover=0&wppa-occur=1', 'https:\/\/fotogruppe-bredenbeck.de\/?page_id=480&lang=de&wppa-album=b06a53e093ca0e17&wppa-cover=0&wppa-occur=1#wppa-container-1' );\" class=\"wppa-nav-text b20\" style=\"cursor:pointer\" title=\"Album: Archiv\">Archiv<\/a><span class=\"wppa-nav-text b20\"> &raquo; <\/span><span id=\"bc-pname-1\" class=\"wppa-nav-text b10\"  title=\"\">Marc Mihatsch<\/span><div style=\"clear:both\"><\/div><\/div><div id=\"wppa-albumlist-1\" style=\"overflow:auto;\" class=\"albumlist\"><div id=\"album-227-1\" title=\"Zeige das Album Hannover und Umgebung\" style=\"width:100%;clear:both;cursor:pointer;\" class=\"wppa-album-cover-longdesc album wppa-box wppa-cover-box wppa-cover-box-mcr-1\" onclick=\"wppaDoAjaxRender(event, 1, &#039;https:\/\/fotogruppe-bredenbeck.de\/wp-admin\/admin-ajax.php?action=wppa&wppa-action=render&wppa-size=640&occur=1&wppa-fromp=480&lang=de&album=05f8e36b5c7a22b5&cover=0&data-alb=227&#039;, &#039;https:\/\/fotogruppe-bredenbeck.de\/?page_id=480&lang=de&album=05f8e36b5c7a22b5&cover=0&occur=1&data-alb=227&#039; )\"><div id=\"coverphoto_frame_227_1\" style=\"float:left; margin-right:5px;width:160px;\" class=\"coverphoto-frame\"><div title=\" \" style=\"display:inline-block;margin:0 4px;\" onclick=\"wppaStopProp(event)\"><a title=\"Zeige das Album Hannover und Umgebung\" style=\"border:0;color:transparent;cursor:pointer;\" target=\"_self\" onclick=\"wppaDoAjaxRender(event, 1, &#039;https:\/\/fotogruppe-bredenbeck.de\/wp-admin\/admin-ajax.php?action=wppa&wppa-action=render&wppa-size=640&occur=1&wppa-fromp=480&lang=de&album=05f8e36b5c7a22b5&cover=0&data-alb=227&#039;, &#039;https:\/\/fotogruppe-bredenbeck.de\/?page_id=480&lang=de&album=05f8e36b5c7a22b5&cover=0&occur=1&data-alb=227&#039; )\"><img decoding=\"async\" style=\"border-width:0px;width:150px;height:100px;opacity:0.85;display:inline;\" src=\"https:\/\/fotogruppe-bredenbeck.de\/wp-content\/uploads\/wppa\/thumbs\/3139.jpg?ver=24\" alt=\"Sonnenuntergang \u00fcber Bredenbeck\" class=\"image wppa-img\" onmouseover=\"jQuery(this).fadeTo(400, 1.0)\" onmouseout=\"jQuery(this).fadeTo(400,0.85)\"><\/a><\/div><\/div><div id=\"covertext_frame_227_1\" style=\"width:459px; float:right;\" class=\"wppa-text-frame-1 wppa-text-frame wppa-cover-text-frame wppa-asym-text-frame-mcr-1\"><h2 style=\"clear:none\" class=\"wppa-title\"><a title=\"Zeige das Album Hannover und Umgebung\" style=\"cursor:pointer\" class=\"wppa-title\" onclick=\"wppaDoAjaxRender(event, 1, &#039;https:\/\/fotogruppe-bredenbeck.de\/wp-admin\/admin-ajax.php?action=wppa&wppa-action=render&wppa-size=640&occur=1&wppa-fromp=480&lang=de&album=05f8e36b5c7a22b5&cover=0&data-alb=227&#039;, &#039;https:\/\/fotogruppe-bredenbeck.de\/?page_id=480&lang=de&album=05f8e36b5c7a22b5&cover=0&occur=1&data-alb=227&#039; )\">Hannover und Umgebung<\/a><\/h2><span title=\"Album-ID\" style=\"cursor:help;\" class=\"wppa-cover-album-id\" onclick=\"wppaStopProp(event);\">(227)<\/span><div style=\"clear:both;\"><\/div><\/div><div class=\"wppa-box-text wppa-black wppa-info wppa-slideshow-browse-link wppa-album-cover-link\"><a title=\"Diashow\" style=\"cursor:pointer\" class=\"wppa-album-cover-link\" onclick=\"wppaDoAjaxRender(event, 1, &#039;https:\/\/fotogruppe-bredenbeck.de\/wp-admin\/admin-ajax.php?action=wppa&wppa-action=render&wppa-size=640&occur=1&wppa-fromp=480&lang=de&slide=1&album=05f8e36b5c7a22b5&#039;, &#039;https:\/\/fotogruppe-bredenbeck.de\/?page_id=480&lang=de&slide=1&occur=1&album=05f8e36b5c7a22b5&#039; )\">Diashow<\/a><\/div><div class=\"wppa-box-text wppa-black wppa-info wppa-viewlink wppa-album-cover-link\"><a title=\"Zeige das Album Hannover und Umgebung\" style=\"cursor:pointer;\" class=\"wppa-album-cover-link\" onclick=\"wppaDoAjaxRender(event, 1, &#039;https:\/\/fotogruppe-bredenbeck.de\/wp-admin\/admin-ajax.php?action=wppa&wppa-action=render&wppa-size=640&occur=1&wppa-fromp=480&lang=de&album=05f8e36b5c7a22b5&cover=0&data-alb=227&#039;, &#039;https:\/\/fotogruppe-bredenbeck.de\/?page_id=480&lang=de&album=05f8e36b5c7a22b5&cover=0&occur=1&data-alb=227&#039; )\">14&nbsp;Fotos&nbsp;anzeigen<\/a><\/div><div id=\"coverdesc_frame_227_1\" title=\" \" style=\"clear:both\" onclick=\"wppaStopProp(event);\"><div style=\"min-height:16px; \" class=\"wppa-box-text wppa-black wppa-box-text-desc\"><\/div><\/div><div title=\" \" onclick=\"wppaStopProp(event);\"><\/div><div style=\"clear:both;\"><\/div><\/div><div id=\"album-228-1\" title=\"Zeige das Album Bald ist wieder Halloween\" style=\"width:100%;float:right;cursor:pointer;\" class=\"wppa-album-cover-longdesc album wppa-box wppa-cover-box wppa-cover-box-mcr-1\" onclick=\"wppaDoAjaxRender(event, 1, &#039;https:\/\/fotogruppe-bredenbeck.de\/wp-admin\/admin-ajax.php?action=wppa&wppa-action=render&wppa-size=640&occur=1&wppa-fromp=480&lang=de&album=8f3d4d5d6266e679&cover=0&data-alb=228&#039;, &#039;https:\/\/fotogruppe-bredenbeck.de\/?page_id=480&lang=de&album=8f3d4d5d6266e679&cover=0&occur=1&data-alb=228&#039; )\"><div id=\"coverphoto_frame_228_1\" style=\"float:left; margin-right:5px;width:111px;\" class=\"coverphoto-frame\"><div title=\" \" style=\"display:inline-block;margin:0 4px;\" onclick=\"wppaStopProp(event)\"><a title=\"Zeige das Album Bald ist wieder Halloween\" style=\"border:0;color:transparent;cursor:pointer;\" target=\"_self\" onclick=\"wppaDoAjaxRender(event, 1, &#039;https:\/\/fotogruppe-bredenbeck.de\/wp-admin\/admin-ajax.php?action=wppa&wppa-action=render&wppa-size=640&occur=1&wppa-fromp=480&lang=de&album=8f3d4d5d6266e679&cover=0&data-alb=228&#039;, &#039;https:\/\/fotogruppe-bredenbeck.de\/?page_id=480&lang=de&album=8f3d4d5d6266e679&cover=0&occur=1&data-alb=228&#039; )\"><img decoding=\"async\" style=\"border-width:0px;width:101px;height:150px;opacity:0.85;display:inline;\" src=\"https:\/\/fotogruppe-bredenbeck.de\/wp-content\/uploads\/wppa\/thumbs\/3162.jpg?ver=24\" alt=\"Halloween\" class=\"image wppa-img\" onmouseover=\"jQuery(this).fadeTo(400, 1.0)\" onmouseout=\"jQuery(this).fadeTo(400,0.85)\"><\/a><\/div><\/div><div id=\"covertext_frame_228_1\" style=\"width:459px; float:right;\" class=\"wppa-text-frame-1 wppa-text-frame wppa-cover-text-frame wppa-asym-text-frame-mcr-1\"><h2 style=\"clear:none\" class=\"wppa-title\"><a title=\"Zeige das Album Bald ist wieder Halloween\" style=\"cursor:pointer\" class=\"wppa-title\" onclick=\"wppaDoAjaxRender(event, 1, &#039;https:\/\/fotogruppe-bredenbeck.de\/wp-admin\/admin-ajax.php?action=wppa&wppa-action=render&wppa-size=640&occur=1&wppa-fromp=480&lang=de&album=8f3d4d5d6266e679&cover=0&data-alb=228&#039;, &#039;https:\/\/fotogruppe-bredenbeck.de\/?page_id=480&lang=de&album=8f3d4d5d6266e679&cover=0&occur=1&data-alb=228&#039; )\">Bald ist wieder Halloween<\/a><\/h2><span title=\"Album-ID\" style=\"cursor:help;\" class=\"wppa-cover-album-id\" onclick=\"wppaStopProp(event);\">(228)<\/span><div style=\"clear:both;\"><\/div><\/div><div class=\"wppa-box-text wppa-black wppa-info wppa-slideshow-browse-link wppa-album-cover-link\"><a title=\"Diashow\" style=\"cursor:pointer\" class=\"wppa-album-cover-link\" onclick=\"wppaDoAjaxRender(event, 1, &#039;https:\/\/fotogruppe-bredenbeck.de\/wp-admin\/admin-ajax.php?action=wppa&wppa-action=render&wppa-size=640&occur=1&wppa-fromp=480&lang=de&slide=1&album=8f3d4d5d6266e679&#039;, &#039;https:\/\/fotogruppe-bredenbeck.de\/?page_id=480&lang=de&slide=1&occur=1&album=8f3d4d5d6266e679&#039; )\">Diashow<\/a><\/div><div class=\"wppa-box-text wppa-black wppa-info wppa-viewlink wppa-album-cover-link\"><a title=\"Zeige das Album Bald ist wieder Halloween\" style=\"cursor:pointer;\" class=\"wppa-album-cover-link\" onclick=\"wppaDoAjaxRender(event, 1, &#039;https:\/\/fotogruppe-bredenbeck.de\/wp-admin\/admin-ajax.php?action=wppa&wppa-action=render&wppa-size=640&occur=1&wppa-fromp=480&lang=de&album=8f3d4d5d6266e679&cover=0&data-alb=228&#039;, &#039;https:\/\/fotogruppe-bredenbeck.de\/?page_id=480&lang=de&album=8f3d4d5d6266e679&cover=0&occur=1&data-alb=228&#039; )\">2&nbsp;Fotos&nbsp;anzeigen<\/a><\/div><div id=\"coverdesc_frame_228_1\" title=\" \" style=\"clear:both\" onclick=\"wppaStopProp(event);\"><div style=\"min-height:16px; \" class=\"wppa-box-text wppa-black wppa-box-text-desc\"><\/div><\/div><div title=\" \" onclick=\"wppaStopProp(event);\"><\/div><div style=\"clear:both;\"><\/div><\/div><div id=\"album-230-1\" title=\"Zeige das Album Springe Steinbruch\" style=\"width:100%;float:right;cursor:pointer;\" class=\"wppa-album-cover-longdesc album wppa-box wppa-cover-box wppa-cover-box-mcr-1\" onclick=\"wppaDoAjaxRender(event, 1, &#039;https:\/\/fotogruppe-bredenbeck.de\/wp-admin\/admin-ajax.php?action=wppa&wppa-action=render&wppa-size=640&occur=1&wppa-fromp=480&lang=de&album=2ee1901a37e0a9aa&cover=0&data-alb=230&#039;, &#039;https:\/\/fotogruppe-bredenbeck.de\/?page_id=480&lang=de&album=2ee1901a37e0a9aa&cover=0&occur=1&data-alb=230&#039; )\"><div id=\"coverphoto_frame_230_1\" style=\"float:left; margin-right:5px;width:110px;\" class=\"coverphoto-frame\"><div title=\" \" style=\"display:inline-block;margin:0 4px;\" onclick=\"wppaStopProp(event)\"><a title=\"Zeige das Album Springe Steinbruch\" style=\"border:0;color:transparent;cursor:pointer;\" target=\"_self\" onclick=\"wppaDoAjaxRender(event, 1, &#039;https:\/\/fotogruppe-bredenbeck.de\/wp-admin\/admin-ajax.php?action=wppa&wppa-action=render&wppa-size=640&occur=1&wppa-fromp=480&lang=de&album=2ee1901a37e0a9aa&cover=0&data-alb=230&#039;, &#039;https:\/\/fotogruppe-bredenbeck.de\/?page_id=480&lang=de&album=2ee1901a37e0a9aa&cover=0&occur=1&data-alb=230&#039; )\"><img decoding=\"async\" style=\"border-width:0px;width:100px;height:150px;opacity:0.85;display:inline;\" src=\"https:\/\/fotogruppe-bredenbeck.de\/wp-content\/uploads\/wppa\/thumbs\/3185.jpg?ver=24\" alt=\"IMG_8405\" class=\"image wppa-img\" onmouseover=\"jQuery(this).fadeTo(400, 1.0)\" onmouseout=\"jQuery(this).fadeTo(400,0.85)\"><\/a><\/div><\/div><div id=\"covertext_frame_230_1\" style=\"width:459px; float:right;\" class=\"wppa-text-frame-1 wppa-text-frame wppa-cover-text-frame wppa-asym-text-frame-mcr-1\"><h2 style=\"clear:none\" class=\"wppa-title\"><a title=\"Zeige das Album Springe Steinbruch\" style=\"cursor:pointer\" class=\"wppa-title\" onclick=\"wppaDoAjaxRender(event, 1, &#039;https:\/\/fotogruppe-bredenbeck.de\/wp-admin\/admin-ajax.php?action=wppa&wppa-action=render&wppa-size=640&occur=1&wppa-fromp=480&lang=de&album=2ee1901a37e0a9aa&cover=0&data-alb=230&#039;, &#039;https:\/\/fotogruppe-bredenbeck.de\/?page_id=480&lang=de&album=2ee1901a37e0a9aa&cover=0&occur=1&data-alb=230&#039; )\">Springe Steinbruch<\/a><\/h2><span title=\"Album-ID\" style=\"cursor:help;\" class=\"wppa-cover-album-id\" onclick=\"wppaStopProp(event);\">(230)<\/span><div style=\"clear:both;\"><\/div><\/div><div class=\"wppa-box-text wppa-black wppa-info wppa-slideshow-browse-link wppa-album-cover-link\"><a title=\"Diashow\" style=\"cursor:pointer\" class=\"wppa-album-cover-link\" onclick=\"wppaDoAjaxRender(event, 1, &#039;https:\/\/fotogruppe-bredenbeck.de\/wp-admin\/admin-ajax.php?action=wppa&wppa-action=render&wppa-size=640&occur=1&wppa-fromp=480&lang=de&slide=1&album=2ee1901a37e0a9aa&#039;, &#039;https:\/\/fotogruppe-bredenbeck.de\/?page_id=480&lang=de&slide=1&occur=1&album=2ee1901a37e0a9aa&#039; )\">Diashow<\/a><\/div><div class=\"wppa-box-text wppa-black wppa-info wppa-viewlink wppa-album-cover-link\"><a title=\"Zeige das Album Springe Steinbruch\" style=\"cursor:pointer;\" class=\"wppa-album-cover-link\" onclick=\"wppaDoAjaxRender(event, 1, &#039;https:\/\/fotogruppe-bredenbeck.de\/wp-admin\/admin-ajax.php?action=wppa&wppa-action=render&wppa-size=640&occur=1&wppa-fromp=480&lang=de&album=2ee1901a37e0a9aa&cover=0&data-alb=230&#039;, &#039;https:\/\/fotogruppe-bredenbeck.de\/?page_id=480&lang=de&album=2ee1901a37e0a9aa&cover=0&occur=1&data-alb=230&#039; )\">3&nbsp;Fotos&nbsp;anzeigen<\/a><\/div><div id=\"coverdesc_frame_230_1\" title=\" \" style=\"clear:both\" onclick=\"wppaStopProp(event);\"><div style=\"min-height:16px; \" class=\"wppa-box-text wppa-black wppa-box-text-desc\"><\/div><\/div><div title=\" \" onclick=\"wppaStopProp(event);\"><\/div><div style=\"clear:both;\"><\/div><\/div><\/div><div style=\"clear:both;\"><\/div><div id=\"wppa-container-1-end\"><\/div><\/div><\/div>\n<!-- End [wppa type=\"covers\" album=\"$Marc Mihatsch\"] \/index.php?rest_route=%2Fwp%2Fv2%2Fpages%2F480 oc 1 45 queries in 25.4 ms. at 11:21. Max mem: 16.00 Mb. -->\n","protected":false},"excerpt":{"rendered":"","protected":false},"author":3,"featured_media":0,"parent":39,"menu_order":0,"comment_status":"closed","ping_status":"closed","template":"page-templates\/full-width.php","meta":{"advanced_seo_description":"","jetpack_seo_html_title":"","jetpack_seo_noindex":false,"jetpack_post_was_ever_published":false,"footnotes":""},"class_list":["post-480","page","type-page","status-publish","h-entry","hentry","h-as-page"],"jetpack-related-posts":[{"id":143,"url":"https:\/\/fotogruppe-bredenbeck.de\/?page_id=143","url_meta":{"origin":480,"position":0},"title":"Michael Kaynert","author":"Webmaster","date":"31. Juli 2017","format":false,"excerpt":"","rel":"","context":"\u00c4hnlicher Beitrag","block_context":{"text":"\u00c4hnlicher Beitrag","link":""},"img":{"alt_text":"","src":"","width":0,"height":0},"classes":[]},{"id":145,"url":"https:\/\/fotogruppe-bredenbeck.de\/?page_id=145","url_meta":{"origin":480,"position":1},"title":"Stefanie K\u00f6ppler","author":"Webmaster","date":"31. Juli 2017","format":false,"excerpt":"","rel":"","context":"\u00c4hnlicher Beitrag","block_context":{"text":"\u00c4hnlicher Beitrag","link":""},"img":{"alt_text":"","src":"","width":0,"height":0},"classes":[]},{"id":147,"url":"https:\/\/fotogruppe-bredenbeck.de\/?page_id=147","url_meta":{"origin":480,"position":2},"title":"Rainer Parthen","author":"Webmaster","date":"31. Juli 2017","format":false,"excerpt":"","rel":"","context":"\u00c4hnlicher Beitrag","block_context":{"text":"\u00c4hnlicher Beitrag","link":""},"img":{"alt_text":"","src":"","width":0,"height":0},"classes":[]},{"id":150,"url":"https:\/\/fotogruppe-bredenbeck.de\/?page_id=150","url_meta":{"origin":480,"position":3},"title":"Hella Hornbostel","author":"Webmaster","date":"31. Juli 2017","format":false,"excerpt":"","rel":"","context":"\u00c4hnlicher Beitrag","block_context":{"text":"\u00c4hnlicher Beitrag","link":""},"img":{"alt_text":"","src":"","width":0,"height":0},"classes":[]},{"id":172,"url":"https:\/\/fotogruppe-bredenbeck.de\/?page_id=172","url_meta":{"origin":480,"position":4},"title":"Ausstellungen","author":"Webmaster","date":"1. August 2017","format":false,"excerpt":"","rel":"","context":"\u00c4hnlicher Beitrag","block_context":{"text":"\u00c4hnlicher Beitrag","link":""},"img":{"alt_text":"","src":"","width":0,"height":0},"classes":[]},{"id":174,"url":"https:\/\/fotogruppe-bredenbeck.de\/?page_id=174","url_meta":{"origin":480,"position":5},"title":"Events","author":"Webmaster","date":"1. August 2017","format":false,"excerpt":"","rel":"","context":"\u00c4hnlicher Beitrag","block_context":{"text":"\u00c4hnlicher Beitrag","link":""},"img":{"alt_text":"","src":"","width":0,"height":0},"classes":[]}],"jetpack_sharing_enabled":true,"_links":{"self":[{"href":"https:\/\/fotogruppe-bredenbeck.de\/index.php?rest_route=\/wp\/v2\/pages\/480","targetHints":{"allow":["GET"]}}],"collection":[{"href":"https:\/\/fotogruppe-bredenbeck.de\/index.php?rest_route=\/wp\/v2\/pages"}],"about":[{"href":"https:\/\/fotogruppe-bredenbeck.de\/index.php?rest_route=\/wp\/v2\/types\/page"}],"author":[{"embeddable":true,"href":"https:\/\/fotogruppe-bredenbeck.de\/index.php?rest_route=\/wp\/v2\/users\/3"}],"replies":[{"embeddable":true,"href":"https:\/\/fotogruppe-bredenbeck.de\/index.php?rest_route=%2Fwp%2Fv2%2Fcomments&post=480"}],"version-history":[{"count":0,"href":"https:\/\/fotogruppe-bredenbeck.de\/index.php?rest_route=\/wp\/v2\/pages\/480\/revisions"}],"up":[{"embeddable":true,"href":"https:\/\/fotogruppe-bredenbeck.de\/index.php?rest_route=\/wp\/v2\/pages\/39"}],"wp:attachment":[{"href":"https:\/\/fotogruppe-bredenbeck.de\/index.php?rest_route=%2Fwp%2Fv2%2Fmedia&parent=480"}],"curies":[{"name":"wp","href":"https:\/\/api.w.org\/{rel}","templated":true}]}}